{"id":11,"date":"2021-11-04T10:21:32","date_gmt":"2021-11-04T10:21:32","guid":{"rendered":"https:\/\/www.mcingecon.com\/index.php\/services\/"},"modified":"2026-02-03T15:55:59","modified_gmt":"2026-02-03T20:55:59","slug":"servicios","status":"publish","type":"page","link":"https:\/\/www.mcingecon.com\/index.php\/servicios\/","title":{"rendered":"Servicios"},"content":{"rendered":"\t\t<div data-elementor-type=\"wp-page\" data-elementor-id=\"11\" class=\"elementor elementor-11\" data-elementor-post-type=\"page\">\n\t\t\t\t<div class=\"elementor-element elementor-element-79b373d e-flex e-con-boxed e-con e-parent\" data-id=\"79b373d\" data-element_type=\"container\" data-e-type=\"container\">\n\t\t\t\t\t<div class=\"e-con-inner\">\n\t\t\t\t\t<\/div>\n\t\t\t\t<\/div>\n\t\t\t\t<section class=\"elementor-section elementor-top-section elementor-element elementor-element-676f307 elementor-section-boxed elementor-section-height-default elementor-section-height-default\" data-id=\"676f307\" data-element_type=\"section\" data-e-type=\"section\" data-settings=\"{&quot;background_background&quot;:&quot;classic&quot;}\">\n\t\t\t\t\t\t\t<div class=\"elementor-background-overlay\"><\/div>\n\t\t\t\t\t\t\t<div class=\"elementor-container elementor-column-gap-no\">\n\t\t\t\t\t<div class=\"elementor-column elementor-col-100 elementor-top-column elementor-element elementor-element-cfd909f\" data-id=\"cfd909f\" data-element_type=\"column\" data-e-type=\"column\">\n\t\t\t<div class=\"elementor-widget-wrap elementor-element-populated\">\n\t\t\t\t\t\t<div class=\"elementor-element elementor-element-fd6730a elementor-widget elementor-widget-heading\" data-id=\"fd6730a\" data-element_type=\"widget\" data-e-type=\"widget\" data-widget_type=\"heading.default\">\n\t\t\t\t<div class=\"elementor-widget-container\">\n\t\t\t\t\t<h1 class=\"elementor-heading-title elementor-size-default\">SERVICIOS<\/h1>\t\t\t\t<\/div>\n\t\t\t\t<\/div>\n\t\t\t\t\t<\/div>\n\t\t<\/div>\n\t\t\t\t\t<\/div>\n\t\t<\/section>\n\t\t\t\t<section class=\"elementor-section elementor-top-section elementor-element elementor-element-62fcd5c elementor-section-boxed elementor-section-height-default elementor-section-height-default\" data-id=\"62fcd5c\" data-element_type=\"section\" data-e-type=\"section\" data-settings=\"{&quot;background_background&quot;:&quot;classic&quot;}\">\n\t\t\t\t\t\t<div class=\"elementor-container elementor-column-gap-no\">\n\t\t\t\t\t<div class=\"elementor-column elementor-col-100 elementor-top-column elementor-element elementor-element-6096f1b\" data-id=\"6096f1b\" data-element_type=\"column\" data-e-type=\"column\">\n\t\t\t<div class=\"elementor-widget-wrap elementor-element-populated\">\n\t\t\t\t\t\t<section class=\"elementor-section elementor-inner-section elementor-element elementor-element-eff919d elementor-section-boxed elementor-section-height-default elementor-section-height-default\" data-id=\"eff919d\" data-element_type=\"section\" data-e-type=\"section\">\n\t\t\t\t\t\t<div class=\"elementor-container elementor-column-gap-no\">\n\t\t\t\t\t<div class=\"elementor-column elementor-col-100 elementor-inner-column elementor-element elementor-element-7b0bffe\" data-id=\"7b0bffe\" data-element_type=\"column\" data-e-type=\"column\">\n\t\t\t<div class=\"elementor-widget-wrap elementor-element-populated\">\n\t\t\t\t\t\t<div class=\"elementor-element elementor-element-ecb1e43 elementor-widget elementor-widget-heading\" data-id=\"ecb1e43\" data-element_type=\"widget\" data-e-type=\"widget\" data-widget_type=\"heading.default\">\n\t\t\t\t<div class=\"elementor-widget-container\">\n\t\t\t\t\t<h2 class=\"elementor-heading-title elementor-size-default\">Nuestros Servicios<\/h2>\t\t\t\t<\/div>\n\t\t\t\t<\/div>\n\t\t\t\t<div class=\"elementor-element elementor-element-55acc43 elementor-widget elementor-widget-text-editor\" data-id=\"55acc43\" data-element_type=\"widget\" data-e-type=\"widget\" data-widget_type=\"text-editor.default\">\n\t\t\t\t<div class=\"elementor-widget-container\">\n\t\t\t\t\t\t\t\t\t<p><span style=\"color: #374151; font-family: S\u00f6hne, ui-sans-serif, system-ui, -apple-system, 'Segoe UI', Roboto, Ubuntu, Cantarell, 'Noto Sans', sans-serif, 'Helvetica Neue', Arial, 'Apple Color Emoji', 'Segoe UI Emoji', 'Segoe UI Symbol', 'Noto Color Emoji'; font-size: 16px; white-space-collapse: preserve;\">En el coraz\u00f3n de nuestro compromiso est\u00e1 la excelencia. Descubre c\u00f3mo nuestros servicios integrales en ingenier\u00eda, construcci\u00f3n y venta de insumos est\u00e1n dise\u00f1ados para llevar tus proyectos al siguiente nivel. Ya sea que est\u00e9s construyendo un sue\u00f1o personal o una visi\u00f3n empresarial, estamos aqu\u00ed para hacerlo realidad.<\/span><\/p>\t\t\t\t\t\t\t\t<\/div>\n\t\t\t\t<\/div>\n\t\t\t\t\t<\/div>\n\t\t<\/div>\n\t\t\t\t\t<\/div>\n\t\t<\/section>\n\t\t\t\t\t<\/div>\n\t\t<\/div>\n\t\t\t\t\t<\/div>\n\t\t<\/section>\n\t\t<div class=\"elementor-element elementor-element-ws7xoim e-flex e-con-boxed e-con e-parent\" data-id=\"ws7xoim\" data-element_type=\"container\" data-e-type=\"container\" data-settings=\"{&quot;background_background&quot;:&quot;classic&quot;}\">\n\t\t\t\t\t<div class=\"e-con-inner\">\n\t\t<div class=\"elementor-element elementor-element-a4f396a e-con-full e-flex e-con e-child\" data-id=\"a4f396a\" data-element_type=\"container\" data-e-type=\"container\">\n\t\t\t\t<div class=\"elementor-element elementor-element-e8c2564 elementor-position-left elementor-vertical-align-middle elementor-widget elementor-widget-image-box\" data-id=\"e8c2564\" data-element_type=\"widget\" data-e-type=\"widget\" data-widget_type=\"image-box.default\">\n\t\t\t\t<div class=\"elementor-widget-container\">\n\t\t\t\t\t<div class=\"elementor-image-box-wrapper\"><figure class=\"elementor-image-box-img\"><img fetchpriority=\"high\" decoding=\"async\" width=\"2560\" height=\"1920\" src=\"https:\/\/www.mcingecon.com\/wp-content\/uploads\/2026\/02\/Escena-9-scaled.png\" class=\"elementor-animation-grow attachment-full size-full wp-image-3407\" alt=\"\" srcset=\"https:\/\/www.mcingecon.com\/wp-content\/uploads\/2026\/02\/Escena-9-scaled.png 2560w, https:\/\/www.mcingecon.com\/wp-content\/uploads\/2026\/02\/Escena-9-300x225.png 300w, https:\/\/www.mcingecon.com\/wp-content\/uploads\/2026\/02\/Escena-9-1024x768.png 1024w, https:\/\/www.mcingecon.com\/wp-content\/uploads\/2026\/02\/Escena-9-768x576.png 768w, https:\/\/www.mcingecon.com\/wp-content\/uploads\/2026\/02\/Escena-9-1536x1152.png 1536w, https:\/\/www.mcingecon.com\/wp-content\/uploads\/2026\/02\/Escena-9-2048x1536.png 2048w\" sizes=\"(max-width: 2560px) 100vw, 2560px\" \/><\/figure><div class=\"elementor-image-box-content\"><h3 class=\"elementor-image-box-title\">Arquitectura<\/h3><p class=\"elementor-image-box-description\">Nuestra arquitectura va m\u00e1s all\u00e1 del dise\u00f1o: transforma ideas en espacios funcionales y est\u00e9ticos. Desarrollamos planos arquitect\u00f3nicos y renders realistas que permiten visualizar cada proyecto con precisi\u00f3n, claridad y car\u00e1cter antes de construir.<\/p><\/div><\/div>\t\t\t\t<\/div>\n\t\t\t\t<\/div>\n\t\t\t\t<div class=\"elementor-element elementor-element-4b4bd20 elementor-position-right elementor-vertical-align-middle elementor-widget elementor-widget-image-box\" data-id=\"4b4bd20\" data-element_type=\"widget\" data-e-type=\"widget\" data-widget_type=\"image-box.default\">\n\t\t\t\t<div class=\"elementor-widget-container\">\n\t\t\t\t\t<div class=\"elementor-image-box-wrapper\"><figure class=\"elementor-image-box-img\"><img decoding=\"async\" width=\"2364\" height=\"1330\" src=\"https:\/\/www.mcingecon.com\/wp-content\/uploads\/2025\/01\/IMG_3990.jpeg\" class=\"elementor-animation-grow attachment-full size-full wp-image-3251\" alt=\"\" srcset=\"https:\/\/www.mcingecon.com\/wp-content\/uploads\/2025\/01\/IMG_3990.jpeg 2364w, https:\/\/www.mcingecon.com\/wp-content\/uploads\/2025\/01\/IMG_3990-300x169.jpeg 300w, https:\/\/www.mcingecon.com\/wp-content\/uploads\/2025\/01\/IMG_3990-1024x576.jpeg 1024w, https:\/\/www.mcingecon.com\/wp-content\/uploads\/2025\/01\/IMG_3990-768x432.jpeg 768w, https:\/\/www.mcingecon.com\/wp-content\/uploads\/2025\/01\/IMG_3990-1536x864.jpeg 1536w, https:\/\/www.mcingecon.com\/wp-content\/uploads\/2025\/01\/IMG_3990-2048x1152.jpeg 2048w\" sizes=\"(max-width: 2364px) 100vw, 2364px\" \/><\/figure><div class=\"elementor-image-box-content\"><h3 class=\"elementor-image-box-title\">Construcci\u00f3n<\/h3><p class=\"elementor-image-box-description\">La construcci\u00f3n es el proceso que convierte el dise\u00f1o en realidad. Ejecutamos cada proyecto con planificaci\u00f3n, control y atenci\u00f3n al detalle, garantizando calidad, seguridad y resultados que perduran en el tiempo.<\/p><\/div><\/div>\t\t\t\t<\/div>\n\t\t\t\t<\/div>\n\t\t\t\t<div class=\"elementor-element elementor-element-9541706 elementor-position-left elementor-vertical-align-middle elementor-widget elementor-widget-image-box\" data-id=\"9541706\" data-element_type=\"widget\" data-e-type=\"widget\" data-widget_type=\"image-box.default\">\n\t\t\t\t<div class=\"elementor-widget-container\">\n\t\t\t\t\t<div class=\"elementor-image-box-wrapper\"><figure class=\"elementor-image-box-img\"><img decoding=\"async\" width=\"1536\" height=\"1093\" src=\"https:\/\/www.mcingecon.com\/wp-content\/uploads\/2024\/06\/IMG_5339-e1736366020777.jpeg\" class=\"elementor-animation-grow attachment-full size-full wp-image-3170\" alt=\"\" srcset=\"https:\/\/www.mcingecon.com\/wp-content\/uploads\/2024\/06\/IMG_5339-e1736366020777.jpeg 1536w, https:\/\/www.mcingecon.com\/wp-content\/uploads\/2024\/06\/IMG_5339-e1736366020777-300x213.jpeg 300w, https:\/\/www.mcingecon.com\/wp-content\/uploads\/2024\/06\/IMG_5339-e1736366020777-1024x729.jpeg 1024w, https:\/\/www.mcingecon.com\/wp-content\/uploads\/2024\/06\/IMG_5339-e1736366020777-768x547.jpeg 768w\" sizes=\"(max-width: 1536px) 100vw, 1536px\" \/><\/figure><div class=\"elementor-image-box-content\"><h3 class=\"elementor-image-box-title\">Insumos<\/h3><p class=\"elementor-image-box-description\"><p data-start=\"215\" data-end=\"485\">Ofrecemos m\u00e1s que productos: brindamos soluciones que respaldan cada proyecto. Contamos con insumos de alta calidad, desde materiales de construcci\u00f3n hasta herramientas especializadas, seleccionados para cumplir con los est\u00e1ndares del sector y las exigencias de la obra.<\/p><\/p><\/div><\/div>\t\t\t\t<\/div>\n\t\t\t\t<\/div>\n\t\t\t\t<\/div>\n\t\t\t\t\t<\/div>\n\t\t\t\t<\/div>\n\t\t\t\t<\/div>\n\t\t","protected":false},"excerpt":{"rendered":"<p>SERVICIOS Nuestros Servicios En el coraz\u00f3n de nuestro compromiso est\u00e1 la excelencia. Descubre c\u00f3mo nuestros servicios integrales en ingenier\u00eda, construcci\u00f3n y venta de insumos est\u00e1n dise\u00f1ados para llevar tus proyectos al siguiente nivel. Ya sea que est\u00e9s construyendo un sue\u00f1o personal o una visi\u00f3n empresarial, estamos aqu\u00ed para hacerlo realidad. Arquitectura Nuestra arquitectura va m\u00e1s [&hellip;]<\/p>\n","protected":false},"author":2,"featured_media":0,"parent":0,"menu_order":0,"comment_status":"closed","ping_status":"closed","template":"","meta":{"_uag_custom_page_level_css":"","site-sidebar-layout":"no-sidebar","site-content-layout":"page-builder","ast-site-content-layout":"default","site-content-style":"default","site-sidebar-style":"default","ast-global-header-display":"","ast-banner-title-visibility":"","ast-main-header-display":"","ast-hfb-above-header-display":"","ast-hfb-below-header-display":"","ast-hfb-mobile-header-display":"","site-post-title":"disabled","ast-breadcrumbs-content":"disabled","ast-featured-img":"disabled","footer-sml-layout":"","ast-disable-related-posts":"","theme-transparent-header-meta":"enabled","adv-header-id-meta":"","stick-header-meta":"","header-above-stick-meta":"","header-main-stick-meta":"","header-below-stick-meta":"","astra-migrate-meta-layouts":"default","ast-page-background-enabled":"default","ast-page-background-meta":{"desktop":{"background-color":"var(--ast-global-color-4)","background-image":"","background-repeat":"repeat","background-position":"center center","background-size":"auto","background-attachment":"scroll","background-type":"","background-media":"","overlay-type":"","overlay-color":"","overlay-opacity":"","overlay-gradient":""},"tablet":{"background-color":"","background-image":"","background-repeat":"repeat","background-position":"center center","background-size":"auto","background-attachment":"scroll","background-type":"","background-media":"","overlay-type":"","overlay-color":"","overlay-opacity":"","overlay-gradient":""},"mobile":{"background-color":"","background-image":"","background-repeat":"repeat","background-position":"center center","background-size":"auto","background-attachment":"scroll","background-type":"","background-media":"","overlay-type":"","overlay-color":"","overlay-opacity":"","overlay-gradient":""}},"ast-content-background-meta":{"desktop":{"background-color":"var(--ast-global-color-5)","background-image":"","background-repeat":"repeat","background-position":"center center","background-size":"auto","background-attachment":"scroll","background-type":"","background-media":"","overlay-type":"","overlay-color":"","overlay-opacity":"","overlay-gradient":""},"tablet":{"background-color":"var(--ast-global-color-5)","background-image":"","background-repeat":"repeat","background-position":"center center","background-size":"auto","background-attachment":"scroll","background-type":"","background-media":"","overlay-type":"","overlay-color":"","overlay-opacity":"","overlay-gradient":""},"mobile":{"background-color":"var(--ast-global-color-5)","background-image":"","background-repeat":"repeat","background-position":"center center","background-size":"auto","background-attachment":"scroll","background-type":"","background-media":"","overlay-type":"","overlay-color":"","overlay-opacity":"","overlay-gradient":""}},"footnotes":""},"class_list":["post-11","page","type-page","status-publish","hentry"],"uagb_featured_image_src":{"full":false,"thumbnail":false,"medium":false,"medium_large":false,"large":false,"1536x1536":false,"2048x2048":false},"uagb_author_info":{"display_name":"mcingecon","author_link":"https:\/\/www.mcingecon.com\/index.php\/author\/mcingecon\/"},"uagb_comment_info":0,"uagb_excerpt":"SERVICIOS Nuestros Servicios En el coraz\u00f3n de nuestro compromiso est\u00e1 la excelencia. Descubre c\u00f3mo nuestros servicios integrales en ingenier\u00eda, construcci\u00f3n y venta de insumos est\u00e1n dise\u00f1ados para llevar tus proyectos al siguiente nivel. Ya sea que est\u00e9s construyendo un sue\u00f1o personal o una visi\u00f3n empresarial, estamos aqu\u00ed para hacerlo realidad. Arquitectura Nuestra arquitectura va m\u00e1s&hellip;","_links":{"self":[{"href":"https:\/\/www.mcingecon.com\/index.php\/wp-json\/wp\/v2\/pages\/11","targetHints":{"allow":["GET"]}}],"collection":[{"href":"https:\/\/www.mcingecon.com\/index.php\/wp-json\/wp\/v2\/pages"}],"about":[{"href":"https:\/\/www.mcingecon.com\/index.php\/wp-json\/wp\/v2\/types\/page"}],"author":[{"embeddable":true,"href":"https:\/\/www.mcingecon.com\/index.php\/wp-json\/wp\/v2\/users\/2"}],"replies":[{"embeddable":true,"href":"https:\/\/www.mcingecon.com\/index.php\/wp-json\/wp\/v2\/comments?post=11"}],"version-history":[{"count":43,"href":"https:\/\/www.mcingecon.com\/index.php\/wp-json\/wp\/v2\/pages\/11\/revisions"}],"predecessor-version":[{"id":3462,"href":"https:\/\/www.mcingecon.com\/index.php\/wp-json\/wp\/v2\/pages\/11\/revisions\/3462"}],"wp:attachment":[{"href":"https:\/\/www.mcingecon.com\/index.php\/wp-json\/wp\/v2\/media?parent=11"}],"curies":[{"name":"wp","href":"https:\/\/api.w.org\/{rel}","templated":true}]}}